{"id":2,"date":"2016-05-10T03:48:21","date_gmt":"2016-05-10T03:48:21","guid":{"rendered":"http:\/\/feuerwehr-weserdeich.de\/?page_id=2"},"modified":"2024-06-27T13:05:56","modified_gmt":"2024-06-27T13:05:56","slug":"sample-page","status":"publish","type":"page","link":"https:\/\/feuerwehr-weserdeich.de\/","title":{"rendered":"Seit 1877 Ortswehr Weserdeich"},"content":{"rendered":"<p style=\"text-align: center;\">Wir begr\u00fc\u00dfen Sie recht herzlich und freuen uns, dass Sie sich \u00fcber die Ortsfeuerwehr Weserdeich informieren m\u00f6chten.<\/p>\n\n\n<figure class=\"wp-block-image size-large\"><img loading=\"lazy\" decoding=\"async\" width=\"1024\" height=\"683\" src=\"http:\/\/feuerwehr-weserdeich.de\/wp-content\/uploads\/2018\/11\/Sommerbild-1024x683.jpg\" alt=\"\" class=\"wp-image-66\" srcset=\"https:\/\/feuerwehr-weserdeich.de\/wp-content\/uploads\/2018\/11\/Sommerbild-1024x683.jpg 1024w, https:\/\/feuerwehr-weserdeich.de\/wp-content\/uploads\/2018\/11\/Sommerbild-300x200.jpg 300w, https:\/\/feuerwehr-weserdeich.de\/wp-content\/uploads\/2018\/11\/Sommerbild-768x512.jpg 768w\" sizes=\"(max-width: 1024px) 100vw, 1024px\" \/><\/figure>\n\n\n\n<p class=\"has-text-align-left\"> <strong>Familien \u2013 Tradition in der Feuerwehr Weserdeich<\/strong><\/p>\n\n\n\n<p><strong>EHRENAMT <\/strong> Sabine Schl\u00f6telburg und Marco Bockelmann f\u00fcr treue Mitgliedschaft geehrt<\/p>\n\n\n\n<figure class=\"wp-block-image size-full\"><img loading=\"lazy\" decoding=\"async\" width=\"680\" height=\"367\" src=\"http:\/\/feuerwehr-weserdeich.de\/wp-content\/uploads\/2024\/06\/Bild-Fw24-1.jpg\" alt=\"\" class=\"wp-image-310\" srcset=\"https:\/\/feuerwehr-weserdeich.de\/wp-content\/uploads\/2024\/06\/Bild-Fw24-1.jpg 680w, https:\/\/feuerwehr-weserdeich.de\/wp-content\/uploads\/2024\/06\/Bild-Fw24-1-300x162.jpg 300w\" sizes=\"(max-width: 680px) 100vw, 680px\" \/><\/figure>\n\n\n\n<p>VON GABRIELE BODE<\/p>\n\n\n\n<p>Berne &#8211; Feuerwehr ist Familiensache: Das wurde bei den Ehrungen, die jetzt in der Ortswehr Weserdeich im Rahmen eines Sommerfestes gefeiert wurden, einmal mehr deutlich. Sowohl der stellvertretende Ortsbrandmeister Marco Bockelmann als auch Kinderfeuerwehrwartin Sabine Schl\u00f6telburg sind Mitglieder von Familien, die f\u00fcr das Ehrenamt brennen.<\/p>\n\n\n\n<p>\u201eIch bin damals als Zehnj\u00e4hrige mit zwei Freundinnen eigentlich nur in die Warflether Jugendfeuerwehr eingetreten, weil die eine Reise nach England machten\u201c, verriet Sabine Schl\u00f6telburg schmunzelnd. 25 Jahre ist das her. W\u00e4hrend die Freundinnen schon lange nicht mehr dabei sind, ist die Hauptfeuerwehrfrau inzwischen KInderfeuerwehrwartin der zur Weserdeicher Ortswehr geh\u00f6renden Deichzwerge, deren Gr\u00fcndung sie vor neun Jahren ma\u00dfgeblich mit vorangetrieben hat. Einer der S\u00f6hne von Marco Bockelmann geh\u00f6rte dort zu den ersten Mitgliedern. Inzwischen ist das Jugendfeuerwehrmitglied kurz vor dem \u00dcbertritt in die aktive Wehr. Und auch bei Sabine und Andre Schl\u00f6telburg begeistert der Nachwuchs als dritte Generation f\u00fcr die Feuerwehrarbeit.<\/p>\n\n\n\n<p>In gro\u00dfer Runde mit vielen Kameraden der Ortswehr Hekeln, der Marco Bockelmann vor seinem \u00dcbertritt in die Feuerwehr Weserdeich angeh\u00f6rte, wurde auch die 40-j\u00e4hrige Mitgliedschaft des Hauptl\u00f6schmeisters gefeiert. Bereits sein Vater war Mitglied der Hekelner Feuerwehr. Im Alter von zehn Jahren trat er der Jugendfeuerwehr bei. 18 Jahren folgte der \u00dcbertritt in die aktive Wehr. 2020 \u00fcbernahm Marco Bockelmann das Amt des stellvertretenden Ortsbrandmeisters.<\/p>\n\n\n\n<p>B\u00fcrgermeister Hartmut Schierenstedt, der genau wie Fachbereichsleiter Michael Heib\u00fclt und die Ehepartner der Einsatzmitglieder zu den G\u00e4sten geh\u00f6rte, freute sich, den beiden langj\u00e4hrigen Feuerwehrmitgliedern mit der Ehrengabe der Gemeinde f\u00fcr ihr Engagement danken zu k\u00f6nnen.<\/p>\n","protected":false},"excerpt":{"rendered":"<p>Wir begr\u00fc\u00dfen Sie recht herzlich und freuen uns, dass Sie sich \u00fcber die Ortsfeuerwehr Weserdeich informieren m\u00f6chten. Familien \u2013 Tradition in der Feuerwehr Weserdeich EHRENAMT Sabine Schl\u00f6telburg und Marco Bockelmann f\u00fcr treue Mitgliedschaft geehrt VON GABRIELE BODE Berne &#8211; Feuerwehr ist Familiensache: Das wurde bei den Ehrungen, die jetzt in der Ortswehr Weserdeich im Rahmen &hellip; <a href=\"https:\/\/feuerwehr-weserdeich.de\/\" class=\"more-link\"><span class=\"screen-reader-text\">Seit 1877 Ortswehr Weserdeich<\/span> weiterlesen<\/a><\/p>\n","protected":false},"author":1,"featured_media":61,"parent":0,"menu_order":0,"comment_status":"closed","ping_status":"open","template":"","meta":{"footnotes":""},"_links":{"self":[{"href":"https:\/\/feuerwehr-weserdeich.de\/index.php?rest_route=\/wp\/v2\/pages\/2"}],"collection":[{"href":"https:\/\/feuerwehr-weserdeich.de\/index.php?rest_route=\/wp\/v2\/pages"}],"about":[{"href":"https:\/\/feuerwehr-weserdeich.de\/index.php?rest_route=\/wp\/v2\/types\/page"}],"author":[{"embeddable":true,"href":"https:\/\/feuerwehr-weserdeich.de\/index.php?rest_route=\/wp\/v2\/users\/1"}],"replies":[{"embeddable":true,"href":"https:\/\/feuerwehr-weserdeich.de\/index.php?rest_route=%2Fwp%2Fv2%2Fcomments&post=2"}],"version-history":[{"count":29,"href":"https:\/\/feuerwehr-weserdeich.de\/index.php?rest_route=\/wp\/v2\/pages\/2\/revisions"}],"predecessor-version":[{"id":311,"href":"https:\/\/feuerwehr-weserdeich.de\/index.php?rest_route=\/wp\/v2\/pages\/2\/revisions\/311"}],"wp:featuredmedia":[{"embeddable":true,"href":"https:\/\/feuerwehr-weserdeich.de\/index.php?rest_route=\/wp\/v2\/media\/61"}],"wp:attachment":[{"href":"https:\/\/feuerwehr-weserdeich.de\/index.php?rest_route=%2Fwp%2Fv2%2Fmedia&parent=2"}],"curies":[{"name":"wp","href":"https:\/\/api.w.org\/{rel}","templated":true}]}}